der when 5351 is divided by 317.
279
What is the remainder when 458 is divided by 181?
96
What is the remainder when 819 is divided by 401?
17
What is the remainder when 31731 is divided by 5287?
9
What is the remainder when 2073731 is divided by 236?
235
Calculate the remainder when 109623 is divided by 15654.
45
Calculate the remainder when 1961 is divided by 380.
61
What is the remainder when 6752 is divided by 1024?
608
Calculate the remainder when 23259 is divided by 245.
229
Calculate the remainder when 296 is divided by 252.
44
Calculate the remainder when 367231 is divided by 501.
499
What is the remainder when 2804 is divided by 1743?
1061
Calculate the remainder when 81378 is divided by 92.
50
Calculate the remainder when 1090 is divided by 492.
106
Calculate the remainder when 18226 is divided by 1206.
136
What is the remainder when 877167 is divided by 70?
67
What is the remainder when 256428 is divided by 222?
18
Calculate the remainder when 8489 is divided by 2823.
20
What is the remainder when 22389 is divided by 7462?
3
Calculate the remainder when 1583996 is divided by 640.
636
What is the remainder when 3444450 is divided by 171?
168
Calculate the remainder when 19149 is divided by 177.
33
What is the remainder when 14744 is divided by 736?
24
What is the remainder when 198163 is divided by 2388?
2347
What is the remainder when 163540 is divided by 198?
190
What is the remainder when 110551 is divided by 405?
391
What is the remainder when 61656 is divided by 153?
150
Calculate the remainder when 4205 is divided by 1365.
110
Calculate the remainder when 2019 is divided by 576.
291
Calculate the remainder when 15128 is divided by 2864.
808
Calculate the remainder when 118168 is divided by 118155.
13
Calculate the remainder when 32426 is divided by 491.
20
What is the remainder when 1077 is divided by 13?
11
What is the remainder when 3556708 is divided by 135?
133
Calculate the remainder when 41121 is divided by 254.
227
Calculate the remainder when 462430 is divided by 45.
10
What is the remainder when 10810 is divided by 5399?
12
Calculate the remainder when 3451 is divided by 285.
31
What is the remainder when 6317 is divided by 38?
9
Calculate the remainder when 8718 is divided by 113.
17
Calculate the remainder when 164875 is divided by 94.
93
What is the remainder when 374604 is divided by 787?
779
Calculate the remainder when 39209 is divided by 1059.
26
What is the remainder when 2491 is divided by 2216?
275
Calculate the remainder when 13784 is divided by 18.
14
What is the remainder when 4123955 is divided by 1124?
1123
Calculate the remainder when 5690 is divided by 325.
165
What is the remainder when 10675 is divided by 316?
247
Calculate the remainder when 164461 is divided by 12.
1
Calculate the remainder when 522334 is divided by 28.
22
Calculate the remainder when 99330 is divided by 552.
522
Calculate the remainder when 58740 is divided by 29269.
202
Calculate the remainder when 1029437 is divided by 514711.
15
What is the remainder when 2837 is divided by 354?
5
Calculate the remainder when 18873 is divided by 29.
23
Calculate the remainder when 57122 is divided by 577.
576
Calculate the remainder when 21207 is divided by 12.
3
What is the remainder when 16715 is divided by 5570?
5
What is the remainder when 1561 is divided by 766?
29
What is the remainder when 2381 is divided by 637?
470
Calculate the remainder when 557599 is divided by 2802.
1
What is the remainder when 101106 is divided by 144?
18
Calculate the remainder when 12083 is divided by 318.
317
Calculate the remainder when 126163 is divided by 199.
196
Calculate the remainder when 79238 is divided by 943.
26
Calculate the remainder when 4863 is divided by 256.
255
What is the remainder when 29260 is divided by 29?
28
What is the remainder when 1037893 is divided by 38?
37
What is the remainder when 9276 is divided by 368?
76
What is the remainder when 732 is divided by 636?
96
Calculate the remainder when 89249 is divided by 255.
254
What is the remainder when 1765707 is divided by 35?
27
What is the remainder when 134023 is divided by 15?
13
What is the remainder when 90971 is divided by 66?
23
What is the remainder when 1826 is divided by 494?
344
Calculate the remainder when 18237 is divided by 9005.
227
Calculate the remainder when 41651 is divided by 9.
8
Calculate the remainder when 2567 is divided by 1226.
115
What is the remainder when 3474541 is divided by 1223?
1221
What is the remainder when 78998 is divided by 418?
414
What is the remainder when 12305 is divided by 1254?
1019
What is the remainder when 4996 is divided by 543?
109
Calculate the remainder when 295302 is divided by 73802.
94
Calculate the remainder when 4787 is divided by 4729.
58
What is the remainder when 1684 is divided by 13?
7
What is the remainder when 2822 is divided by 123?
116
Calculate the remainder when 72629 is divided by 1559.
915
Calculate the remainder when 21272 is divided by 2421.
1904
Calculate the remainder when 1179891 is divided by 407.
405
Calculate the remainder when 11425 is divided by 266.
253
What is the remainder when 16299 is divided by 281?
1
What is the remainder when 16040 is divided by 1144?
24
What is the remainder when 10316 is divided by 3365?
221
Calculate the remainder when 63352 is divided by 1759.
28
What is the remainder when 10973 is divided by 150?
23
What is the remainder when 1424 is divided by 434?
122
What is the remainder when 1345895 is divided by 279?
278
Calculate the remainder when 41511 is divided by 154.
85
Calculate the remainder when 226353 is divided by 39.
36
Calculate the remainder when 612557 is divided by 26.
23
Calculate the remainder when 26611 is divided by 3800.
11
Calculate the remainder when 7610 is divided by 7606.
4
Calculate the remainder when 228109 is divided by 16.
13
What is the remainder when 290113 is divided by 36263?
9
What is the remainder when 115285 is divided by 20?
5
Calculate the remainder when 1614270 is divided by 88.
86
What is the remainder when 10447 is divided by 2937?
1636
What is the remainder when 72839 is divided by 486?
425
Calculate the remainder when 2409 is divided by 159.
24
What is the remainder when 1052623 is divided by 125?
123
Calculate the remainder when 38121 is divided by 326.
305
Calculate the remainder when 8520 is divided by 1209.
57
What is the remainder when 11772 is divided by 41?
5
Calculate the remainder when 616 is divided by 153.
4
Calculate the remainder when 8160 is divided by 5.
0
Calculate the remainder when 940 is divided by 337.
266
Calculate the remainder when 1234 is divided by 199.
40
Calculate the remainder when 6565 is divided by 14.
13
What is the remainder when 124651 is divided by 5419?
14
Calculate the remainder when 7391 is divided by 2457.
20
What is the remainder when 11094 is divided by 19?
17
Calculate the remainder when 9495 is divided by 2630.
1605
What is the remainder when 160671 is divided by 53556?
3
What is the remainder when 16551 is divided by 385?
381
Calculate the remainder when 1573042 is divided by 44.
42
What is the remainder when 612173 is divided by 511?
506
Calculate the remainder when 5418 is divided by 5412.
6
What is the remainder when 4105 is divided by 45?
10
What is the remainder when 1783 is divided by 181?
154
What is the remainder when 45086 is divided by 131?
22
What is the remainder when 210913 is divided by 52712?
65
Calculate the remainder when 24320 is divided by 435.
395
Calculate the remainder when 44362 is divided by 467.
464
What is the remainder when 40424 is divided by 4042?
4
Calculate the remainder when 26906 is divided by 2986.
32
What is the remainder when 29880 is divided by 29824?
56
Calculate the remainder when 73298 is divided by 726.
698
What is the remainder when 685258 is divided by 162?
160
What is the remainder when 4128 is divided by 345?
333
Calculate the remainder when 61715 is divided by 20552.
59
What is the remainder when 19018 is divided by 4709?
182
What is the remainder when 3809 is divided by 289?
52
Calculate the remainder when 12000 is divided by 41.
28
What is the remainder when 5492 is divided by 130?
32
What is the remainder when 16834 is divided by 3353?
69
What is th